- 4*f**2 + 6*f + 7. Let c(a) = -a**2 + 4*a. Let u be c(5). What are the prime factors of s(u)?
2
Let w(n) = -2*n + 2. Let s(o) be the first derivative of -3*o**2/2 + o - 2. Let h(z) = 3*s(z) - 2*w(z). List the prime factors of h(-3).
2, 7
Let q(i) = -2*i + 1. Let m be q(-2). Suppose -4 - 6 = -5*t, -20 = -3*a + m*t. List the prime factors of a.
2, 5
Let z be ((-4)/6)/((-6)/45). Let t(h) = 2 + 2 + h - 1. List the prime factors of t(z).
2
Let g = 2 - -3. Suppose g*s = -0*s. Let b = s - -15. List the prime factors of b.
3, 5
Let d = 2 + -1. Suppose d = a, -4*a + 15 = -f - 0*f. Let n = 20 + f. List the prime factors of n.
3
Let d = 9 + -5. List the prime factors of 8*((-6)/d - -3).
2, 3
Suppose 0 = -2*l + 10, 0*l + 69 = 3*o + 3*l. What are the prime factors of o?
2, 3
Let q be (-2 + 3)*(1 - -1). Let f be 1 - (3 + 0) - -4. Suppose -2*g - l = -19, -f*g + q*l = 2*g - 58. List the prime factors of g.
2, 3
Let d = -52 - -79. What are the prime factors of d?
3
Let p be (2 - 6/4)*2. Let t = 0 + 11. Let k = p + t. List the prime factors of k.
2, 3
Let z = 11 - 7. Suppose -4*w - l + 25 = 4*l, -4*l + z = 0. List the prime factors of w.
5
Let k(f) = -f**3 - 26*f**2 - 8*f - 57. What are the prime factors of k(-26)?
151
Let p = 8 + -5. Suppose -p*d + 5 = -46. What are the prime factors of d?
17
Suppose -l + 12 = -4*h - 1, -5 = 4*l + 3*h. What are the prime factors of -8*(-3 + (l - 0))?
2
Let n = 6 + -9. Let q be (-2 + (-6)/(-3))*1. What are the prime factors of 0 - 1 - (n + q)?
2
Let b = 49 - -32. List the prime factors of b.
3
Suppose 3*d = -u + 104, u = 5*d - 76 - 100. What are the prime factors of d?
5, 7
Let f(p) = 2*p**2 - 2*p - 6. Let d(j) = 3*j**2 - 2*j - 7. Let o(c) = 3*d(c) - 4*f(c). What are the prime factors of o(-4)?
11
Suppose 499 = 5*j + g, -j + 5*g + 91 = 3*g. What are the prime factors of j?
3, 11
List the prime factors of 1/(2/100) - 3.
47
Let w(j) = j**3 + 5*j**2 - 4*j - 2. Let g be w(-4). What are the prime factors of (3/(-6))/((-1)/g)?
3, 5
Let c be (-4)/6*1*-9. Let z(b) = b**2 - 4*b - 1. List the prime factors of z(c).
11
What are the prime factors of -7*((-72)/7)/2?
2, 3
List the prime factors of 8/10*705/6.
2, 47
Suppose 25 = 5*d, -5*q - 23 + 8 = -3*d. Suppose -4*r + 29 + 31 = q. Suppose 3*l - r = 15. List the prime factors of l.
2, 5
Let w(c) = 3*c**3 - 3*c - 4 + 4*c**2 + c - 2*c**3. Let d be w(-4). Suppose -15 + 59 = d*r. List the prime factors of r.
11
Suppose -3 = c, w = c + 2*c + 9. List the prime factors of 8/4*(1 + w).
2
Let l = 54 - 22. List the prime factors of l.
2
Suppose 3*a - 13 = 4*h, -2*h + 0*a + a - 5 = 0. Let y(l) be the first derivative of -2*l**2 + l + 9. What are the prime factors of y(h)?
5
Let l(c) = c**2 + 2*c - 5. Let q be l(-4). Suppose -5*p = q + 7. Let n = p - -12. What are the prime factors of n?
2, 5
Let n(a) = a**3 + 10*a**2 + 8*a - 5. Let k be n(-9). Suppose -k*w = -12 - 4. What are the prime factors of 16/(-6)*(-15)/w?
2, 5
Let l = 4 - -49. List the prime factors of l.
53
Let x = -16 + 18. What are the prime factors of x?
2
Suppose -v + 0*c = c + 26, 54 = -3*v + 5*c. Let f = v + 41. List the prime factors of f.
2, 3
Suppose -5*z + 80 = -5*n, 0 = z - 3*n - 12 - 12. Let c = z - 5. What are the prime factors of c?
7
Suppose 5*i - 4*g - 4 - 21 = 0, 3*i + 2*g = 37. List the prime factors of i.
3
Let u = 128 - 22. List the prime factors of u.
2, 53
Let j(l) = 2*l - 5. Let c be j(4). Suppose c*h + q + 28 = 0, -3*h = -0*h - 5*q + 4. Let m = h - -18. List the prime factors of m.
2, 5
Let u be -1 + (-2)/6*-3. Let n(c) = c**3 + c + 11. List the prime factors of n(u).
11
Let m = 8 - 6. List the prime factors of -1*(-3)/2*m.
3
Let s be (-6)/4 - (-407)/22. Let a = s - -3. List the prime factors of a.
2, 5
Let l(k) = k**2 + 2*k + 1. Let c be l(-3). Suppose c*t = t + 36. What are the prime factors of t?
2, 3
Let t(z) = 2*z - 5. Let b be t(4). Suppose 0 = 4*j - b - 21. What are the prime factors of (-8)/j*15/(-10)?
2
Let x(v) = 2*v + 1. Let z be x(-5). Let u(r) = r**2 + 6*r + 7. What are the prime factors of u(z)?
2, 17
List the prime factors of 28 - (27/12 - 2/8).
2, 13
Let p = -7 + 14. Let m(l) = l**2 - 4*l - 3. List the prime factors of m(p).
2, 3
Let r = 7 + -2. Suppose 0 = -2*a - r*x + 30, -4*a + 4*x - 34 = -94. Suppose -4*m + 2*q + 5 = -q, 5*m = 2*q + a. What are the prime factors of m?
5
Let w be (1*-2)/(4/20). Let x be -1 - 5/(w/12). Suppose 0 = -x*f - 2*v + 66, -2*f + v = -f - 16. What are the prime factors of f?
2, 7
Suppose -4*x + 3*x + 2 = 0. Suppose -x*i + 52 = 2*i. What are the prime factors of i?
13
Let l(r) = -9*r. Let k be l(1). Let i(a) = -a - 7. Let u be i(k). Suppose -3*q + 70 = u*q. List the prime factors of q.
2, 7
Suppose -d + 4*d = -21. Let j = d - -21. What are the prime factors of j?
2, 7
Let n be (-3)/(-15) - 148/(-10). List the prime factors of n - -3*(-4)/6.
13
Let s(f) = -f**2 - 11*f. Let q be s(-8). Let g(p) = p - 1. Let r be g(6). Suppose -r*w + 26 = -q. List the prime factors of w.
2, 5
Suppose -4*z = -16, 4*z = -3*h + 8*h - 674. Suppose 0 = 5*w - h - 17. What are the prime factors of w?
31
What are the prime factors of 2*26/4*1?
13
Suppose 60 = 4*h + 2*r - r, 0 = -3*h + 2*r + 45. List the prime factors of (-6)/9 - (-250)/h.
2
Suppose 2*u + u - 6 = 0. Suppose 3*q - u*q + 28 = 5*t, 14 = -2*q - 4*t. Let m = q - -31. What are the prime factors of m?
2, 3
Let s(k) = -3*k - 7. Let u be s(-4). Suppose -5*q = -2*w - 238, 2*q + 0*q = u*w + 112. List the prime factors of q.
2, 23
Let w(l) = l**2 - 6*l + 6. Let j(g) = 3*g - 6. Let d be j(5). What are the prime factors of w(d)?
3, 11
Suppose 5*x - q - 23 = 0, -x - 5 = -3*x - q. Let z(d) = d**3 + 2. Let w be z(0). Suppose 34 = x*p - w*p. List the prime factors of p.
17
Let y(h) = -6 + 0*h**2 - 7*h - h**2 + 0*h**2. Let k be y(-4). Let z(c) = 2*c - 7. What are the prime factors of z(k)?
5
Let r(w) = -w**3 - 10*w**2 - 10*w - 3. Let k = 12 + -21. What are the prime factors of r(k)?
2, 3
Let d(l) = l**3 + 9*l**2 + 6*l - 5. What are the prime factors of d(-8)?
11
Let n be 3/(-3 + (-27)/(-6)). List the prime factors of (112/(-42))/(n/(-9)).
2, 3
Let m(l) = -16*l - 20. What are the prime factors of m(-7)?
2, 23
List the prime factors of 1374/15 + (1 - 3/5).
2, 23
Let u(l) = l**3 + 5*l**2 - l. Let r be u(-5). Suppose 0 = -r*t + 13 + 47. Let m = t + -7. List the prime factors of m.
5
Let s be (48/(-10))/((-21)/70). What are the prime factors of 212/s - (-3)/(-12)?
13
Suppose 2*c + z - 439 = 0, -4*c = z + 135 - 1014. List the prime factors of c.
2, 5, 11
Suppose 5*o + 5*q - 370 = 0, 7 + 1 = -4*q. Let v = o + -52. Suppose p - v = -p. What are the prime factors of p?
2, 3
Suppose -4*k - 2*n + 28 = 0, -5*k + 24 = 2*n - 5*n. Let b = k + 0. What are the prime factors of b?
2, 3
Let s = 8 - 3. Suppose 4*w - 47 = -3*y, 3 - 16 = -2*w - s*y. List the prime factors of w.
2, 7
Let b be (-3)/(-6) - 10/4. Let q be (-3)/(b + (-5)/(-4)). Suppose -6*c + q*c = -18. What are the prime factors of c?
3
Suppose 0 = -4*c + 10 + 10. Suppose 15 = c*o - 10. List the prime factors of (0 - o/2)*-2.
5
Let g(i) = -4*i**2 + 8*i - 5. Let u(w) = -3*w**2 + 9*w - 6. Let d(r) = -7*g(r) + 6*u(r). Let j = -8 + 7. List the prime factors of d(j).
11
Let g(j) = -49*j - 5. What are the prime factors of g(-2)?
3, 31
Let b = 3 + -1. Suppose 2*q - 13 = 5*i, i = 5*q - 2*i - 42. Suppose 0*a = -r + a + q, b*r - 4 = -5*a. What are the prime factors of r?
7
Let f(q) be the second derivative of 11*q**4/24 - q**2 + 2*q. Let c(k) be the first derivative of f(k). What are the prime factors of c(1)?
11
Let d(i) be the first derivative of i**3/3 + i**2/2 - 4*i + 4. List the prime factors of d(3).
2
Let n = 11 + -11. What are the prime factors of 5 + (3 + n)*1?
2
Let t(h) = h**3 - 3*h**2 + h + 2. Let m = -1 + -3. Let g be (6/m)/((-2)/4). List the prime factors of t(g).
5
Suppose -d - 4*z + 135 = 4*d, 4*z = 2*d - 54. Let i = d - 2. Let q = i - 8. List the prime factors of q.
17
Suppose 3 = 4*i - 9. Let a = i + 1. List the prime factors of a.
2
Let k = -109 - -163. What are the prime factors of k?
2, 3
What are the prime factors of (-11 - -4)/(4/(-24))?
2, 3, 7
Let i = -7 + 22. Suppose 5*b - 99 = q, -b + 2*b + q - i = 0. List the prime factors of b.
19
Let a(b) = b**2 + 9*b + 1. Let l be a(-8). Let m = -1 - l. List 